y - 14*y - 7*y. Let c(o) = -7*o + 3. Let m(f) = 4*c(f) - 3*k(f). Calculate m(r).
-14
Let j(c) be the second derivative of -74*c - 3*c**2 + 0 - 1/6*c**3. Give j(0).
-6
Let b(g) = 3*g**2 - 8*g - 6. Let m(a) be the second derivative of 0 + 7/12*a**4 - 8/3*a**3 + 2*a - 11/2*a**2. Let t(i) = 9*b(i) - 4*m(i). Give t(-7).
-3
Let b(j) = -2*j + 12. Let w = -6830 - -6827. What is b(w)?
18
Let u(m) be the third derivative of m**5/60 - m**4/6 - 198*m**2 - 1. Suppose -3*q = -8*q + 3*g - 37, -5 = q - 3*g. Let r = 13 + q. Determine u(r).
5
Let v(k) = 2*k + 4. Let l(w) = -3*w - 3. Let m(o) = -3*l(o) - 4*v(o). Suppose -n = 294*d - 298*d + 20, 2*n - 4*d + 20 = 0. Give m(n).
-7
Let q = 21450 + -21460. Let x(w) = -9*w - 96. Determine x(q).
-6
Let d(b) = -b**3 + 13*b**2 - 3*b + 18. Let c(p) = 2*p**3 - 27*p**2 + 6*p - 39. Let t(u) = 2*c(u) + 5*d(u). What is t(11)?
-21
Let v be 2/(-2)*0 + 8. Let x(q) be the third derivative of 0 - 1/24*q**4 + 3*q - 6*q**2 + 5/3*q**3. Give x(v).
2
Let r be (6/(-39))/((-12)/156). Let m(f) = 5*f - 8*f**2 - 4 - f**3 - 4*f - 4*f + r + f**2. What is m(-6)?
-20
Let m(q) = 3*q**3 - 306*q**2 + 4*q - 375. Let n be m(102). Let x(t) = t - 27. What is x(n)?
6
Suppose 2*l = 5*c + 92, -5*c - 8 = -c. Suppose 125 - l = -6*g. Let a be (4 - (-7)/g)/((-2)/(-4)). Let d(t) = t**3 - 7*t**2 + 6. Give d(a).
6
Let z = -363 - -443. Suppose -5*h + 98 = 513. Let m = z + h. Let a(i) = i**2 + 3*i + 4. Give a(m).
4
Let b(z) = 60*z + 39. Suppose 4*i = 0, 4*g - 36 - 36 = -i. Let d(y) = 17*y + 11. Let j(x) = g*d(x) - 5*b(x). Calculate j(-3).
-15
Let r(i) = -3*i**2 - 4219 + 4242 + 2*i**2 - 174*i + 177*i. Give r(8).
-17
Let k(p) = p**3 + 3*p**2 - 2*p + 5. Let a(s) = 3*s**2 + 8*s - 14. Let c be a(-5). Suppose 3*y - 6*y + 3*u - c = 0, -19 = y - 5*u. Determine k(y).
-3
Let x(f) = -f**2 - f + 2. Let p(o) = 3*o**2 + 20*o + 21. Let k(b) = p(b) + 4*x(b). Determine k(18).
-7
Let f(s) = -s**2 - 28*s - 44. Suppose n - 76 = 3*h, 3*h + 2*n - 37 = -119. Let x be f(h). Let y(w) = w**2 - 7*w - 4. Give y(x).
4
Let d(m) = -3*m + 7 + m + m + m**2 - 5*m. Suppose -32 = 3*b - 41. What is d(b)?
-2
Let d(y) = -y**3 + 13*y**2 + 28*y + 32. Let v be d(15). Suppose v*a - 12 = -4*j, -j = 8*a - 6*a - 3. Let n(u) = -u**2 - u + 14. Determine n(a).
14
Let u(t) = -144*t**2 - 134*t**2 + 558*t**2 - 143*t**2 - 3*t - 138*t**2. Calculate u(-4).
-4
Let u be ((1485/(-10))/9)/((-1)/2). Suppose 34 = -p + u. Let b(n) be the first derivative of 3*n**3 + n**2/2 + 2. Determine b(p).
8
Let d(u) = -263798 + 7*u - 263768 + 527499. Calculate d(17).
52
Let t(p) = -28 + 28*p - 110*p + p**2 + 94*p. What is t(-14)?
0
Suppose -3*u = -i - 66, -299*i = -302*i + 9. Let l(j) = 4*j - 78. What is l(u)?
14
Suppose g = 5*g - 3*c + 573, -4*g = -2*c + 574. Let b = g - -147. Let j(z) = -z**3 + 3*z**2 + 4*z - 3. Determine j(b).
9
Let m(h) be the first derivative of h**4/4 + h**3/3 + 2*h - 5634. Let r(f) = -f**2 + 2*f - 3. Let b be r(3). Let z = b - -4. Give m(z).
-2
Suppose 0 = 2*b + 2*v - 36, -b = 1216*v - 1211*v - 42. Let y(u) = 10*u - 75. Determine y(b).
45
Let h(m) = 1. Let f(o) = -5*o - 8. Suppose 4*t + 25 - 21 = 0. Let s(c) = t*h(c) + f(c). Let l be s(-3). Let u(q) = -q + 8. Calculate u(l).
2
Let b(l) = -5*l**2 + 6*l**2 - 3 - 214*l**3 + 2*l + 213*l**3. Let x = 170 + -170. Determine b(x).
-3
Let h be (-31)/(-10) + (-30)/300. Let g(w) = -3 + 2*w + 5*w**3 - 8*w**2 + 5*w**2 + 7*w**2 - 6*w**3. Give g(h).
12
Suppose -2*w + 7*w - 20 = 0. Suppose 3*t - b - 32 = 0, 2*t - 15 = t - w*b. Suppose 0 = t*k - 10*k - 6. Let d(u) = -u**3 + 5*u**2 + 3*u + 7. What is d(k)?
-11
Let c(m) = -3*m - 12. Let q be 4 - 23/5 - 2/(20/(-6)). Calculate c(q).
-12
Let j be 8/(-36) - (-1760)/(-504) - (-4)/(-14). Let c(b) = b**3 + 7*b**2 + 12*b + 4. What is c(j)?
4
Let q be 1*(3 + 9/(-3)). Let p(d) = -2*d**2 - d + 1. Let i be p(q). Let t(l) = 16*l**2 + 14*l**2 + 2*l - 33*l**2 + l - i. Determine t(2).
-7
Let x(j) = 5 - j**2 - j**3 + 6 - 6. Let o(v) = -v**3 + v**2 - 2*v + 1. Let u be o(3). Let d(p) = 3*p + 69. Let z be d(u). Give x(z).
5
Let s(b) = 519*b + 507. Let f be s(-1). Let q(h) = h**2 + 12*h + 6. Determine q(f).
6
Suppose -16*m + 13*m = -6. Let i(a) = a - 1. Let j(c) = -2*c + c**2 + 2 + 4 + 0 - 3. Let l(p) = m*i(p) - j(p). What is l(4)?
-5
Let t(r) = -813 + 6364*r + 6361*r - 12699*r. Determine t(31).
-7
Let u(o) = 2*o**3 + 48*o**2 - 103*o + 32. Let s be u(-26). Let y(i) = -i**3 + 9*i**2 - 5*i + 4. Determine y(s).
82
Let d be (6/4*1)/(36/264). Let w(i) = -8*i + 27 - d*i**2 + 27 - 77 - i**3 + 29. Calculate w(-10).
-14
Let b(q) = -6 - 25*q + 0 + 21 + q**2 + 36. Determine b(23).
5
Let p(d) = d**3 - 54*d**2 - 34*d - 14. Let a(g) = -4*g**3 + 222*g**2 + 135*g + 57. Let b(z) = 3*a(z) + 13*p(z). What is b(37)?
-11
Let p(q) be the first derivative of q**2/2 + 8*q - 3250. Determine p(-8).
0
Let r(z) = -z + 1. Let s be (-20)/(-5)*(-9)/(-12). Suppose i - 5 = s*a, -i + 5*a = -6*i + 45. Let g be (20/i + -2)/((-2)/20). Give r(g).
6
Suppose 5*b + 4*i - 5*i - 15 = 0, -2 = 4*b + 2*i. Let r(l) = 0*l**2 + l**b - 49*l + 51*l - 1. Let n = -212 + 214. Calculate r(n).
7
Let f(g) be the third derivative of 0 - 3/20*g**5 - g**2 - 1/8*g**4 - 1/120*g**6 - 11/6*g**3 - 8*g. Determine f(-9).
16
Suppose 3*p = -3*m + 18, 0 = -4*p + 2*m - 7 + 1. Let v(r) = 3*r + 0*r - p - 5*r + r. Let i(f) = 7*f - 6. Let z(q) = -i(q) - 6*v(q). What is z(7)?
5
Let b(d) = -d**2 - 3*d - 3. Let q be (3/(-18))/(6/(-36)). Let x(c) = -3*c**3 + c**2 + 3*c - 3. Let m be x(q). What is b(m)?
-1
Let c(v) = 6*v**2 - 11*v - 4. Let u(x) = 4*x**2 - 7*x - 2. Let h(a) = 5*c(a) - 7*u(a). Suppose -3*r + 5 = -10. Let b be r/(3 - 8/4). Calculate h(b).
14
Let f(c) be the second derivative of c**5/60 - 40*c**2 + 18*c - 2. Let d(q) be the first derivative of f(q). Calculate d(3).
9
Let g(v) = 5*v**2 + 1. Let h = -505 + 310. Let k = -196 - h. Determine g(k).
6
Let b(i) = -i**2 - i. Let r = -332 + 336. Suppose -5*a + 4*d = 16, -r*a - 2*d - 4 = -12. What is b(a)?
0
Let g(r) be the third derivative of -r**4/12 + 13*r**3/6 - 2*r**2 + 195*r. Suppose 0 = 4*z - 3*j - 42, 0*j = -5*z + 4*j + 53. What is g(z)?
-5
Let b(p) = 72*p + 3. Let d(h) = 29*h + 1. Let g(n) = -2*b(n) + 5*d(n). Give g(-17).
-18
Suppose 0 = -3*a + 1 + 17. Let h(g) be the first derivative of -g**5/60 - g**4/8 + 13*g**3 - 31. Let x(z) be the third derivative of h(z). Give x(a).
-15
Let y = -4 - -7. Let m(d) be the second derivative of d**4/12 - 2*d**3/3 + 2*d**2 + 4565*d. Give m(y).
1
Let s(z) = z**3 + 6*z**2 + 5*z. Let u(f) be the first derivative of f**4/4 + 2*f**3 + 5*f**2 + 3*f + 9. Let b be u(-4). What is s(b)?
0
Let j(q) = 4*q - 13*q**3 - 2*q**2 + 5 + 49*q**3 - 21*q**3 - 16*q**3. Let o be j(-4). Let l be o + -16 - (1 + 2). Let c(u) = 9*u. Give c(l).
18
Let l(p) be the third derivative of -p**5/60 + p**4/6 + 7*p**3/3 - 1966*p**2. Give l(-2).
2
Let k(c) = 6*c**2 - 47*c - 62. Let q be k(17). Let s = 884 - q. Let h(g) = -g**3 + 9*g**2 + 21*g + 7. Determine h(s).
-4
Let k(a) = 5*a - 138. Let g = -4214 + 4241. What is k(g)?
-3
Suppose 3*z - 139 + 50 = -5*d, -5*d = 5*z - 95. Let v be 8 - ((-2)/8 - (-20)/d). Suppose -j - 2 = -v. Let t(w) = 2*w - 4. What is t(j)?
6
Let u(q) be the first derivative of q**2/2 + 7*q - 1635. Determine u(14).
21
Let y(d) = -d**2 - 1. Suppose -35 = -11*s + 9. Suppose 7*f - 11*f - s*w - 32 = 0, -5*w - 12 = -2*f. Determine y(f).
-17
Let p(z) = 2*z**2 - 31*z - 31. Suppose 1547 = 211*w - 120*w. What is p(w)?
20
Let g(n) = 1166315*n + n**2 - 2*n**2 - 1166326*n - 23. Calculate g(-3).
1
Let o(r) = 4*r**2 - r. Suppose -11*z = -7*z + v, 2*v - 9 = z. What is o(z)?
5
Let z(h) = -2*h**2 + 2*h. Let x be -6 - (-14 + (23 - 12)). Calculate z(x).
-24
Let q(y) = 17*y - 3. Let z(u) = -26*u + 43. Let t(r) = q(r) + z(r). Determine t(4).
4
Let h be 4/(-96)*-5 - -1*(-2)/(-16). Let z(u) be the second derivative of 1/2*u**2 + 10*u + 0 - h*u**3. Determine z(4).
-7
Let r be -1 - (-3 + ((-6)/3)/1). Suppose 2*y = r*y + 3*w - 68, 2*y - 72 = -4*w. Let u(c) = -y*c - 19*c - 12 + 48*c. What is u(9)?
-3
Let v(f) = -3*f**2 - 21*f - 4. Let i(s) = 4*s**2 + 31*s + 5. Let m(c) = -5*i(c) - 7*v(c). Let x = 51 + -43. Let d = x - 1. Determine m(d).
-4
Suppose -b = 1006 - 999. Let v(j) = -j**2 + 27. Give v(b).
-22
Let i(s) = -s**3 + 4*s**2 - 5*s + 4*s + 1 - 3*s**2 - s. Let d(w) be the first